1300 (base 6) in base 3?
110000
Convert 1b (base 13) to base 15.
19
What is 32 (base 14) in base 9?
48
5 (base 14) to base 12
5
2 (base 11) to base 4
2
Convert -2e (base 15) to base 3.
-1122
5 (base 7) to base 16
5
Convert -1 (base 6) to base 13.
-1
What is 4 (base 13) in base 15?
4
What is b (base 12) in base 3?
102
What is -54 (base 7) in base 10?
-39
What is 54 (base 8) in base 7?
62
1 (base 2) to base 4
1
19 (base 15) to base 2
11000
Convert 140 (base 9) to base 8.
165
What is 10111011 (base 2) in base 9?
227
What is 125 (base 16) in base 9?
355
Convert 90 (base 13) to base 6.
313
-11 (base 4) to base 3
-12
What is -21020 (base 3) in base 2?
-11000011
Convert -13 (base 7) to base 16.
-a
-1 (base 14) to base 8
-1
-1012 (base 3) to base 7
-44
Convert -18 (base 12) to base 3.
-202
-3 (base 15) to base 12
-3
Convert -11110 (base 3) to base 16.
-78
102 (base 3) to base 9
12
-20 (base 4) to base 6
-12
1 (base 2) to base 5
1
11 (base 7) to base 11
8
Convert -1c (base 13) to base 11.
-23
Convert 15a (base 11) to base 8.
272
What is 26 (base 15) in base 5?
121
Convert 7 (base 13) to base 4.
13
3 (base 8) to base 9
3
-1111 (base 4) to base 12
-71
14 (base 12) to base 9
17
What is -81 (base 11) in base 5?
-324
What is 4 (base 12) in base 4?
10
What is 9c (base 15) in base 9?
173
307 (base 8) to base 2
11000111
What is 40 (base 10) in base 3?
1111
What is -75 (base 8) in base 9?
-67
What is -6 (base 8) in base 9?
-6
Convert -9 (base 11) to base 12.
-9
Convert -301 (base 4) to base 3.
-1211
What is 11000 (base 2) in base 15?
19
-22 (base 11) to base 8
-30
18 (base 13) to base 11
1a
What is -5 (base 15) in base 14?
-5
What is -21 (base 5) in base 10?
-11
1000 (base 2) to base 13
8
What is 54 (base 9) in base 4?
301
What is 65 (base 7) in base 3?
1202
-100 (base 12) to base 14
-a4
Convert 213 (base 5) to base 8.
72
Convert 0 (base 16) to base 13.
0
-4 (base 6) to base 3
-11
75 (base 15) to base 13
86
What is -117 (base 14) in base 16?
-d9
What is -5 (base 8) in base 13?
-5
-11 (base 2) to base 6
-3
-25 (base 8) to base 7
-30
-262 (base 9) to base 11
-189
Convert 83 (base 15) to base 12.
a3
3d (base 14) to base 13
43
What is 57 (base 8) in base 6?
115
Convert 3031 (base 4) to base 7.
412
-24 (base 15) to base 13
-28
What is 22 (base 4) in base 12?
a
Convert 0 (base 2) to base 12.
0
Convert -9 (base 11) to base 15.
-9
Convert 5 (base 14) to base 3.
12
Convert 271 (base 8) to base 4.
2321
What is -4 (base 13) in base 6?
-4
d (base 15) to base 12
11
What is -2 (base 4) in base 7?
-2
Convert 1 (base 5) to base 14.
1
-34 (base 5) to base 14
-15
-1011 (base 2) to base 4
-23
-4 (base 13) to base 10
-4
-149 (base 16) to base 5
-2304
What is -3 (base 9) in base 16?
-3
Convert -1 (base 11) to base 14.
-1
17 (base 10) to base 9
18
What is -6 (base 7) in base 11?
-6
What is 14 (base 5) in base 12?
9
Convert -a3 (base 13) to base 2.
-10000101
What is -6 (base 15) in base 12?
-6
-3 (base 8) to base 9
-3
1101100 (base 2) to base 6
300
What is -112 (base 3) in base 12?
-12
What is -130 (base 13) in base 3?
-21201
What is 7 (base 10) in base 14?
7
What is 160 (base 13) in base 9?
304
Convert 2 (base 4) to base 6.
2
What is 2 (base 15) in base 6?
2
What is 4 (base 10) in base 11?
4
-15 (base 9) to base 5
-24
-1 (base 11) to base 8
-1
Convert -9d (base 15) to base 2.
-10010100
0 (base 15) to base 10
0
What is 4 (base 13) in base 11?
4
Convert -5 (base 6) to base 8.
-5
-a8 (base 12) to base 9
-152
Convert 1 (base 12) to base 3.
1
What is 26 (base 7) in base 9?
22
What is -173 (base 8) in base 4?
-1323
-100 (base 2) to base 4
-10
-112 (base 4) to base 8
-26
What is 41 (base 9) in base 12?
31
Convert -3 (base 13) to base 9.
-3
What is -16 (base 10) in base 13?
-13
What is -35 (base 7) in base 16?
-1a
2112 (base 3) to base 5
233
154 (base 7) to base 6
224
What is -8c (base 15) in base 6?
-340
Convert -1011111 (base 2) to base 3.
-10112
What is 1011 (base 5) in base 13?
a1
What is 5 (base 10) in base 16?
5
What is -34 (base 6) in base 5?
-42
Convert 140 (base 10) to base 8.
214
What is 10 (base 14) in base 9?
15
Convert 235 (base 6) to base 11.
87
Convert 9 (base 12) to base 13.
9
What is -1 (base 12) in base 8?
-1
What is -4 (base 11) in base 7?
-4
What is -9 (base 13) in base 3?
-100
0 (base 15) to base 2
0
What is -2 (base 15) in base 4?
-2
6 (base 16) to base 7
6
Convert -d (base 14) to base 9.
-14
Convert 1b (base 16) to base 11.
25
Convert -15 (base 16) to base 11.
-1a
-3 (base 4) to base 9
-3
What is -2 (base 9) in base 10?
-2
1231 (base 4) to base 14
7b
171 (base 8) to base 15
81
Convert -2 (base 4) to base 3.
-2
Convert 112 (base 3) to base 7.
20
What is d (base 14) in base 8?
15
What is 4e (base 16) in base 9?
86
Convert 15 (base 6) to base 15.
b
1a (base 16) to base 14
1c
Convert -1 (base 13) to base 6.
-1
Convert 0 (base 8) to base 10.
0
Convert 102 (base 4) to base 7.
24
-15 (base 8) to base 2
-1101
Convert -13 (base 4) to base 5.
-12
What is -153 (base 6) in base 11?
-63
Convert -4 (base 12) to base 9.
-4
What is 15 (base 12) in base 11?
16
What is -8 (base 15) in base 6?
-12
What is -77 (base 10) in base 4?
-1031
Convert -111 (base 3) to base 2.
-1101
Convert a (base 15) to base 16.
a
-26 (base 7) to base 5
-40
1 (base 5) to base 9
1
What is -28 (base 9) in base 6?
-42
What is -213 (base 5) in base 9?
-64
55 (base 14) to base 9
83
What is -2a (base 16) in base 10?
-42
What is 76 (base 12) in base 4?
1122
What is -17 (base 16) in base 5?
-43
Convert 18 (base 16) to base 3.
220
What is -143 (base 9) in base 2?
-1111000
Convert -5 (base 15) to base 2.
-101
-3 (base 7) to base 3
-10
0 (base 4) to base 12
0
Convert -200 (base 3) to base 11.
-17
What is -3 (base 11) in base 7?
-3
-2 (base 11) to base 16
-2
What is -85 (base 11) in base 7?
-162
-5 (base 10) to base 8
-5
Convert -52 (base 15) to base 2.
-1001101
-9 (base 14) to base 4
-21
Convert -2 (base 4) to base 16.
-2
-1313 (base 4) to base 11
-a9
Convert 4 (base 9) to base 3.
11
Convert 14 (base 9) to base 14.
d
What is -45 (base 13) in base 4?
-321
-10 (base 6) to base 3
-20
What is 16 (base 10) in base 16?
10
Convert 3 (base 7) to base 15.
3
-8 (base 16) to base 11
-8
What is -12 (base 4) in base 8?
-6
8 (base 13) to base 7
11
f (base 16) to base 3
120
-a6 (base 14) to base 16
-92
-16 (base 12) to base 6
-30
-3 (base 6) to base 13
-3
Convert 73 (base 14) to base 3.
10202
Convert 1023 (base 4) to base 15.
50
-60 (base 11) to base 6
-150
Convert 2 (base 8) to base 6.
2
Convert 1 (base 9) to base 11.
1
1 (base 3) to base 8
1
Convert -1 (base 6) to base 8.
-1
What is 62 (base 9) in base 13?
44
-c (base 14) to base 7
-15
What is -1 (base 13) in base 15?
-1
Convert 522 (base 6) to base 4.
3002
What is -10021 (base 4) in base 14?
-14d
-100 (base 2) to base 7
-4
Convert -67 (base 12) to base 9.
-87
What is -ad (base 14) in base 3?
-12200
Convert 10 (base 6) to base 15.
6
What is 34 (base 9) in base 13?
25
Convert 114 (base 6) to base 8.
56
Convert -4 (base 7) to base 8.
-4
1042 (base 7) to base 6
1421
Convert -12 (base 15) to base 7.
-23
Convert -23 (base 7) to base 9.
-18
What is -301 (base 8) in base 15?
-cd
What is -4 (base 14) in base 15?
-4
Convert 3 (base 4) to base 10.
3
Convert 0 (base 14) to base 5.
0
1 (base 11) to base 4
1
What is -6 (base 11) in base 2?
-110
What is -3 (base 13) in base 5?
-3
Convert 36 (base 7) to base 9.
30
Convert -6 (base 16) to base 11.
-6
Convert -3 (base 13) to base 3.
-10
Convert -122 (base 6) to base 13.
-3b
Convert 1b (base 12) to base 14.
19
-35 (base 15) to base 9
-55
-11 (base 6) to base 8
-7
-4 (base 15) to base 12
-4
-13 (base 15) to base 3
-200
Convert 0 (base 5) to base 13.
0
What is -11 (base 3) in base 8?
-4
What is -112 (base 11) in base 14?
-98
10 (base 9) to base 11
9
What is 1 (base 2) in base 8?
1
-9 (base 13) to base 16
-9
Convert -331 (base 5) to base 6.
-231
Convert -3b (base 12) to base 3.
-1202
What is 21 (base 3) in base 6?
11
Convert 9 (base 11) to base 8.
11
What is 3 (base 10) in base 4?
3
39 (base 11) to base 2
101010
Convert 2 (base 15) to base 11.
2
1 (base 15) to base 2
1
Convert 4 (base 13) to base 11.
4
Convert 50 (base 13) to base 16.
41
Convert 10000 (base 2) to base 5.
31
Convert -3 (base 13) to base 2.
-11
What is -11 (base 15) in base 10?
-16
Co